(d) = d**2 - 10*d + 5. Let x be n(10). Let u(h) = h + 4. Calculate the remainder when u(x) is divided by ((-10)/3)/((-4)/6).
4
Let o = 4 - 20. Let n = 9 - o. Let p(g) = g**2 - 7*g - 21. Calculate the remainder when n is divided by p(10).
7
Suppose u - 27 = 102. Calculate the remainder when u is divided by 33.
30
Let j be -20 - (0 + 2 + -2). Let q = j - -29. Let a(b) = -b + 18. Calculate the remainder when a(-8) is divided by q.
8
Let l(a) = -6*a**2 + 2*a - 10. Let n(c) = -5*c**2 + c - 9. Let b(w) = -6*l(w) + 7*n(w). What is the remainder when 40 is divided by b(-3)?
19
Suppose 4*o - r + 38 - 123 = 0, -5*o + 109 = -4*r. Suppose -m + 1 = -10. Calculate the remainder when o is divided by m.
10
What is the remainder when 22 is divided by (-190)/(-35) + 8/14?
4
Let r = 35 + -30. What is the remainder when 5 is divided by r?
0
Let y(j) = 6*j + 26. What is the remainder when y(11) is divided by 19?
16
Calculate the remainder when 1 - (-7)/(28/104) is divided by 7.
6
Let y = 17 + -70. Let k = -29 - y. Let b(h) = 69*h**2 - 2*h - 1. What is the remainder when b(-1) is divided by k?
22
Suppose -113 - 22 = -5*w. What is the remainder when w is divided by 15?
12
Let b be 2/(-1*(-6)/15). Suppose b*g = -3 + 98. Calculate the remainder when 36 is divided by g.
17
Let h(v) = 61*v**3 - v**2 - v + 2. Calculate the remainder when h(1) is divided by 16.
13
Let w = -66 - -93. What is the remainder when w is divided by 15?
12
Let c(v) = 19*v**3 - v**2 + v. What is the remainder when 35 is divided by c(1)?
16
Suppose -5*m = -5*w - 210, -w = w + 8. Calculate the remainder when 150 is divided by m.
36
Let q = -29 + 33. What is the remainder when q is divided by 1?
0
Let w = -2 - -50. What is the remainder when 141 is divided by w?
45
Let h(r) = r**2 - 1. Let o be h(-2). Suppose -16 = 4*t - 4*w, -t + w + 17 = -o*t. What is the remainder when 53 is divided by t/(35/(-18))*5?
17
Suppose 5*r + 12 = 2*o, 18 = 2*o + 4*r + 6. Calculate the remainder when (-220)/(-3) - 2/o is divided by 25.
23
Let t(g) be the first derivative of 4/3*g**3 - 3/2*g**2 + 1/4*g**4 + 1 - g. What is the remainder when t(-3) is divided by 10?
7
Let b = -11 + 25. What is the remainder when b is divided by 4?
2
Let l(w) = -w**3 - 12*w**2 + 12*w + 19. Calculate the remainder when 94 is divided by l(-13).
30
Let w(i) = 3*i + 3. Let t be w(-4). Let p be (t/(-6))/((-2)/(-4)). Suppose p*a = -2*c - 2 + 26, -c + 5*a = 1. Calculate the remainder when 16 is divided by c.
7
Let l = 10 - 6. Let o(p) = p**3 + 9*p**2 + 3*p + 38. What is the remainder when o(-9) is divided by l?
3
Let p(k) = -k**2 - 2*k - 2. Let a be p(-3). Let r(t) = t**2 + t - 5. Calculate the remainder when (3/(18/116))/(2/3) is divided by r(a).
14
Suppose 5*x + 11*x - 784 = 0. What is the remainder when x is divided by 27?
22
Let m(l) = 2*l**2 + 5*l - 10. Calculate the remainder when m(-6) is divided by 11.
10
Let z(v) = 4*v**3 - 3*v**2 + 3*v - 1. Calculate the remainder when z(2) is divided by 13.
12
Suppose 5*t + 5*o + 4 - 169 = 0, 0 = -o - 1. Suppose 3*k = 5*c - 4*c + 8, -5*k = c. Let u = c + 17. What is the remainder when t is divided by u?
10
Suppose 23 = 5*c + 3. Calculate the remainder when 4 is divided by c.
0
Let h be (-1)/(3/6) - 4. Let k be 3*4/h - -17. Let r = -2 + k. What is the remainder when 24 is divided by r?
11
Let j(s) = -6*s + 2. Let k be j(-3). Suppose -2*m - 3*c = -k, -2 = -0*c + c. Calculate the remainder when 38 is divided by m.
12
Let q = -35 + 67. What is the remainder when q is divided by 1 + -1 - (-10 + -1)?
10
Suppose 4*p - 3*v = 174 - 8, 5*p = -3*v + 221. Let l = 60 - p. What is the remainder when 47 is divided by l?
13
Let g be 3/9 + 470/(-6). Let d = -46 - 6. Let k = d - g. What is the remainder when k is divided by 14?
12
Let u(c) = -5*c - 8. Let b(f) = 9*f + 15. Let i(m) = 2*b(m) + 5*u(m). What is the remainder when i(-5) is divided by 14?
11
Suppose -5*x + 35 = 5*g, 0 = 5*x - x + 2*g - 20. Suppose -x*f + 4*u = -14, 3*f + 3*u - 1 = 20. What is the remainder when 9 is divided by f?
3
Suppose 0 = -w - 0*w + 13. Suppose w = -n + 5*k, 0*n + 3*n + 1 = -4*k. Calculate the remainder when 46 is divided by 17 - (6 + n) - 2.
10
Let o = -39 - -58. What is the remainder when o is divided by 7?
5
What is the remainder when 98 is divided by (-1)/((-1)/25) + 0?
23
Let j(v) = 26*v**2. Let x be j(1). Calculate the remainder when 31 is divided by x/2 + (-3 - -1).
9
Suppose 0 = -2*f + 5*f - 45. What is the remainder when 27 is divided by f?
12
Let d = 74 + -61. Calculate the remainder when 76 is divided by d.
11
Suppose -2*f - 51 = -5*m + f, -2*m = -4*f - 26. Calculate the remainder when m is divided by (-10)/8*(2 - 6).
4
Let l = 42 + -65. Let m = l + 37. Calculate the remainder when 39 is divided by m.
11
Let b = 13 + -5. Let p(u) = u + 3. Let l be p(-2). Let n = 15 - l. What is the remainder when n is divided by b?
6
Let g = 416 - 233. Suppose -3*r + 0*r - h = -g, 3*h = 5*r - 291. What is the remainder when r is divided by 21?
18
Suppose 5*a - 7 = 18. What is the remainder when 24 is divided by a?
4
Let w be ((-30)/(-12))/((-2)/4). Let g = 25 + w. What is the remainder when 37 is divided by g?
17
Let g(q) = q**2 + 2*q + 1. Let s be g(-3). Suppose 5*j - 2 = -s*x, j = 5*x - 2*x - 11. Let p(k) = 2*k - 4. Calculate the remainder when 2 is divided by p(x).
0
Suppose -4*j - 26 = 3*t, 40 = -5*t - 4*j - j. Let h = 11 + t. Suppose -140 = h*w - 10*w. Calculate the remainder when w is divided by 10.
8
Calculate the remainder when 18 is divided by ((-30)/4)/(18/(-24)).
8
Let c(b) = b**2 - b - 2. Let v be c(-4). Let j = v - 13. Suppose j*q + 5 = 60. What is the remainder when 32 is divided by q?
10
Let o(r) be the first derivative of -r**4/4 + 4*r**3/3 + r**2 - 3*r - 3. Calculate the remainder when 2/3 + (-80)/(-6) is divided by o(4).
4
Let p = -2 + 4. Suppose -o + 20 = -4*o + c, 4*o + 30 = p*c. Calculate the remainder when 10 is divided by -5*((-4)/o + -2).
4
Let p = 155 + -109. Let k(a) = -a**2 + a + 16. Calculate the remainder when p is divided by k(0).
14
Let j(v) = -v**3 + 9*v**2 + 2*v - 11. Let h = -10 + 14. Suppose l - q = q + 13, 2*l - 26 = -h*q. Calculate the remainder when l is divided by j(9).
6
Suppose 2*p + 3*m - 48 = -m, 190 = 5*p - 4*m. Calculate the remainder when p is divided by 7.
6
Suppose 5*q - 2*t = 95, 0*q - 5*t - 57 = -3*q. Calculate the remainder when q is divided by 12.
7
Suppose 148 = 4*l + 4*f, -4*f = f - 20. Calculate the remainder when 63 is divided by l.
30
Let x = -3 - -5. Let i(v) = -3*v**2 + 12*v + 8*v**2 + 5 + 4*v**x - 22*v - v**3. Calculate the remainder when i(7) is divided by 12.
9
Let s be (-3)/9*(-13 + 1). Suppose 0 = -4*b + 3*y - s - 21, -b = 4*y + 30. Let j = b - -20. What is the remainder when 27 is divided by j?
7
Let a(y) = y**3 + 17*y**2 + 28*y - 3. Calculate the remainder when 48 is divided by a(-15).
21
Let f = 11 + -6. Let i(o) = o**2 + o + 3*o - f - o. Calculate the remainder when i(4) is divided by 8.
7
Let y = 92 + -79. What is the remainder when 20 is divided by y?
7
Let i = -7 + 17. Let k = 2 - 2. Suppose 0 = -v - 5*u - k + 24, -12 = -v - 2*u. What is the remainder when i is divided by v?
2
Suppose -75 = -3*t + 123. What is the remainder when t is divided by 17?
15
Let x be 2/(-7) - 66/14. Let q = 11 + x. What is the remainder when 21 is divided by q?
3
Let i(w) be the third derivative of -w**4/12 - w**3/3 + w**2. Let j be i(-4). Suppose u - j*u + 15 = 0. Calculate the remainder when 7 is divided by u.
1
Suppose 5*g = -q + 25, 4*g = q + 2*g + 10. Let p be (0 + q + 39)*1. Let m = p - 8. Calculate the remainder when m is divided by 11.
9
Let l(w) = 7*w**2 + 9*w**2 + 4 - 5 + 0 + 3*w. Let n be l(-3). Suppose 3*f - f = n. Calculate the remainder when f is divided by 23.
21
Let x = -6 - -10. Suppose g + x = 5. Let u = 10 - g. Calculate the remainder when 16 is divided by u.
7
Let x = 10 - 1. Let i = 0 + x. Calculate the remainder when i is divided by 3.
0
Suppose -3*t + 6*t - 48 = -3*z, 5*t + 80 = 3*z. What is the remainder when 1 + 5/(5/58) is divided by z?
19
Suppose -303 = -4*h + 3*b, 42 = h - 2*b - 35. Suppose -5*a + 8*a - h = 0. What is the remainder when 97 is divided by a?
22
Suppose -17 - 7 = 4*k. Let q = -8 - -14. What is the remainder when (-34)/(-4) - 3/k is divided by q?
3
Let x(